ide 21874873?
False
Is 118 a factor of 7312342?
True
Is 1139 a factor of 2477413842?
True
Is 96591744 a multiple of 258?
False
Is 3841 a factor of 200527087?
True
Is 738572440 a multiple of 294?
False
Does 4965 divide 168607871?
False
Does 2984 divide 15707776?
True
Is 10370 a factor of 564148740?
True
Does 520 divide 660346404?
False
Is 6861850 a multiple of 16?
False
Does 31 divide 111247313?
True
Does 16 divide 997179561?
False
Is 718 a factor of 1701215983?
False
Does 190 divide 46123153?
False
Does 47 divide 1443956137?
True
Is 37440659 a multiple of 190?
False
Is 1164308132 a multiple of 13?
True
Is 55028840 a multiple of 808?
True
Is 4 a factor of 6481420?
True
Is 1440 a factor of 537418802?
False
Is 96500808 a multiple of 648?
True
Does 1947 divide 20364493?
False
Is 109 a factor of 41429209?
False
Does 364 divide 273954044?
True
Is 63026614 a multiple of 30?
False
Is 77163731 a multiple of 19?
True
Is 355762794 a multiple of 6528?
False
Does 7 divide 12067957?
False
Does 41 divide 171537399?
True
Is 128 a factor of 16038442?
False
Is 68 a factor of 564358384?
True
Is 89111484 a multiple of 1023?
True
Does 242 divide 118913234?
True
Is 36 a factor of 223311312?
True
Does 16 divide 101875006?
False
Does 1545 divide 1193951862?
False
Is 6060825 a multiple of 657?
True
Is 24 a factor of 57498600?
True
Is 41 a factor of 137587485?
False
Does 4 divide 242459860?
True
Is 3 a factor of 28614832?
False
Does 172 divide 1096510?
False
Is 2779973584 a multiple of 16?
True
Is 69893592 a multiple of 37?
True
Does 40 divide 258893720?
True
Is 10427486 a multiple of 142?
True
Is 158233990 a multiple of 445?
True
Is 23 a factor of 1370224811?
False
Is 19613273 a multiple of 7?
False
Does 2250 divide 32697000?
True
Is 192795900 a multiple of 740?
True
Is 51 a factor of 1039283332?
False
Does 29 divide 33790120?
False
Is 9 a factor of 16779353?
False
Is 28 a factor of 2736377112?
True
Is 528 a factor of 39159147?
False
Is 83700608 a multiple of 128?
True
Is 73330530 a multiple of 1365?
True
Is 43703100 a multiple of 525?
True
Does 1240 divide 105434637?
False
Does 5533 divide 2070166417?
True
Does 79 divide 915321097?
True
Does 14 divide 1055156136?
False
Does 69 divide 19351713?
False
Is 2952293 a multiple of 34?
False
Does 415 divide 14065937?
False
Is 117 a factor of 5530599?
False
Is 123288906 a multiple of 17?
False
Is 67 a factor of 562601896?
False
Does 244 divide 1182332744?
True
Does 10 divide 306816186?
False
Is 437761982 a multiple of 1523?
True
Does 847 divide 34168827?
True
Does 19 divide 56130375?
False
Is 7133 a factor of 225883888?
False
Does 27 divide 1656572067?
True
Does 40 divide 291800?
True
Is 15558096 a multiple of 191?
True
Does 1702 divide 51742502?
True
Is 333701162 a multiple of 48?
False
Does 5 divide 204721912?
False
Is 3103792692 a multiple of 2002?
True
Is 27 a factor of 27296811?
True
Is 179 a factor of 1652170?
True
Does 1713 divide 9024084?
True
Is 356 a factor of 87310569?
False
Is 559852062 a multiple of 1463?
True
Does 3266 divide 306347534?
True
Does 94 divide 155483708?
True
Is 3 a factor of 48945?
True
Is 160823040 a multiple of 2170?
True
Does 10 divide 7607180?
True
Does 23 divide 1235491?
True
Is 48 a factor of 525113768?
False
Is 335 a factor of 14451565?
True
Is 24226092 a multiple of 22?
True
Is 16631274 a multiple of 354?
True
Is 74875784 a multiple of 139?
False
Does 4769 divide 119076459?
False
Is 880 a factor of 47442560?
True
Does 6 divide 101612136?
True
Does 193 divide 436246392?
True
Is 3432 a factor of 577729152?
True
Is 76 a factor of 4315128?
True
Is 1160867216 a multiple of 71?
False
Is 20017885 a multiple of 8?
False
Does 11 divide 17906858?
False
Is 58 a factor of 45194586?
True
Is 24 a factor of 90222768?
True
Is 73670976 a multiple of 107?
False
Does 209 divide 115936207?
False
Does 461 divide 146947034?
False
Is 7345193 a multiple of 61?
True
Does 440 divide 10893528?
False
Is 16 a factor of 56327392?
True
Is 11284 a multiple of 9?
False
Is 34267440 a multiple of 568?
True
Is 38130603 a multiple of 377?
False
Is 28 a factor of 15923226?
False
Is 5632056 a multiple of 302?
False
Is 180963177 a multiple of 2841?
True
Does 47 divide 32295580?
True
Is 6 a factor of 6325586?
False
Is 306 a factor of 556321473?
False
Does 53 divide 4221547?
False
Is 303724673 a multiple of 914?
False
Is 63855140 a multiple of 188?
True
Is 470 a factor of 383340930?
True
Is 116 a factor of 352621324?
True
Is 725969088 a multiple of 5967?
True
Is 5 a factor of 109860135?
True
Does 11 divide 124331493?
True
Is 1695283384 a multiple of 1103?
False
Does 454 divide 52756162?
True
Is 847037546 a multiple of 152?
False
Is 5 a factor of 3911570?
True
Is 5021038 a multiple of 253?
True
Is 587250066 a multiple of 11?
False
Is 1567859072 a multiple of 6910?
False
Does 6 divide 52555440?
True
Is 57 a factor of 83701388?
False
Is 424 a factor of 9771901?
False
Does 85 divide 8804706?
False
Is 352583333 a multiple of 1399?
False
Is 8583 a factor of 3642777493?
False
Does 39 divide 72747012?
True
Does 88 divide 227865434?
False
Is 72 a factor of 553821073?
False
Is 37631421 a multiple of 9?
True
Is 124 a factor of 1868896256?
True
Is 12 a factor of 2329672?
False
Is 129605420 a multiple of 1017?
False
Does 105 divide 854871360?
True
Is 118227648 a multiple of 1694?
True
Does 43 divide 228119343?
True
Is 69 a factor of 50691118?
False
Is 314 a factor of 3165856439?
False
Is 51928701 a multiple of 2739?
True
Is 443 a factor of 108879654?
True
Does 125 divide 18930750?
True
Is 50394760 a multiple of 398?
True
Does 323 divide 471626835?
True
Is 122 a factor of 31240267?
False
Is 4 a factor of 8737476?
True
Does 42 divide 430806642?
True
Is 2129028273 a multiple of 5923?
True
Does 95 divide 5405975?
True
Is 344 a factor of 45329716?
False
Does 888 divide 16403136?
True
Is 54510932 a multiple of 469?
True
Is 3951 a factor of 178083423?
True
Is 40779893 a multiple of 288?
False
Is 10669644 a multiple of 5?
False
Is 48 a factor of 51243600?
True
Is 593 a factor of 485897084?
True
Is 260 a factor of 234612040?
True
Is 204 a factor of 326166624?
True
Is 8727994 a multiple of 1140?
False
Is 195 a factor of 199967560?
False
Does 35 divide 30070005?
True
Is 466680115 a multiple of 3?
False
Does 218 divide 260274124?
True
Is 29224506 a multiple of 66?
False
Is 91916167 a multiple of 551?
True
Is 80 a factor of 78155716?
False
Is 75 a factor of 57550394?
False
Does 325 divide 49190700?
True
Does 23 divide 6340663?
True
Does 64 divide 56860224?
True
Is 15120920 a multiple of 11?
False
Is 131 a factor of 193223035?
True
Does 1929 divide 544390242?
False
Does 674 divide 1869351697?
False
Does 26 divide 38026690?
True
Is 6 a factor of 18604273?
False
Does 291 divide 141600650?
False
Does 325 divide 12198606?
False
Is 140 a factor of 26761700?
True
Is 1914 a factor of 97665678?
True
Does 609 divide 12588030?
True
Does 110 divide 150982700?
True
Is 632 a factor of 4366488?
True
Is 521814748 a multiple of 2639?
True
Is 95 a factor of 5251145?
False
Does 17 divide 10029470?
False
Is 4 a factor of 9143400?
True
Is 129204486 a multiple of 14?
False
Is 12721182 a multiple of 12?
False
Does 2546 divide 616242109?
False
Does 15 divide 4888005?
True
Does 15 divide 45381930?
True
Does 10 divide 7088730?
True
Is 709 a factor of 879311826?
False
Is 117420193 a multiple of 6?
False
Is 40 a factor of 35075760?
True
Is 324 a factor of 46578525?
False
Is 412 a factor of 155763151?
False
Is 2808130 a multiple of 10?
True
Is 183349063 a multiple of 228?
False
Is 21323415 a multiple of 2185?
True
Does 1452 divide 39928548?
True
Is 123392335 a multiple of 55?
True
Does 22 divide 798895289?
False
Is 7 a factor of 3715879664?
True
Does 9 divide 135355712?
False
Is 286 a factor of 599100747?
False
Does 1565 divide 8569940?
True
Does 3204 divide 1160075484?
True
Is 166609144 a multiple of 13?
True
Does 137 divide 9356004?
True
Is 254777879 a multiple of 953?
True
Does 18 divide 834678?
True
Is 421074159 a multiple of 18?
False
Is 202015440 a multiple of 1980?
True
Does 33 divide 60404059?
False
Is 271523773 a multiple of 6?
False
Is 552 a factor of 446877672?
True
Does 187 divide 18357085?
False
Is 8367085 a multiple of 280?
False
Does 152 divide 5359216?
True
Does 66